2 + 20*q + 6 - 33*q. Let h be o(-4). Suppose 5*z - 441 = h*y, 5*y = -2*z + 108 + 80. List the prime factors of z.
89
Let q = -228 + 24. Suppose 427 - 2263 = 17*d. Let u = d - q. What are the prime factors of u?
2, 3
Let m(b) = -2*b**2 + 15*b + 8. Let l be m(8). Suppose -1700 - 734 = -4*i + 2*x, 2*x + 1824 = 3*i. What are the prime factors of (1 + l)/(10/i)?
61
Suppose 4*m - x - 113330 = 0, -4*x = -m + 35294 - 6954. List the prime factors of m.
2, 3, 787
Suppose -8*j - 198 = -9*j. Let r = j - -175. What are the prime factors of r?
373
Suppose 192*b = 622*b - 5673931 + 393101. What are the prime factors of b?
12281
Let v(w) = w**2 - 29*w - 20. Suppose o - 3 = 0, 4*d + 50 = -0*d - 2*o. List the prime factors of v(d).
2, 3, 97
Let k be (-64)/20 + 3 - (-21)/5. Suppose 5*b + k*r - 400 = 2*r, -2*r + 318 = 4*b. What are the prime factors of b?
2, 41
Suppose 2 + 7 = 3*r, -3*r = v + 13. What are the prime factors of (-1712)/v - (-24)/132?
2, 3, 13
Suppose 5*w - r - 208 + 1518 = 0, -4*r = -w - 243. Let j = -46 - w. What are the prime factors of j?
7, 31
Suppose 1957737 + 1528051 = 136*m - 90*m. List the prime factors of m.
2, 37889
Let x = -4825 - -15310. What are the prime factors of x?
3, 5, 233
Let q = 6270 + -4120. What are the prime factors of q?
2, 5, 43
Suppose -123 = -3*m + 3*w, -4*w = -2*m - 5*w + 94. Suppose m = 15*f - 10*f. Suppose -3*t = -f - 3. List the prime factors of t.
2
Let t(k) = -k**3 - 12*k**2 + 35*k + 119. Let g be t(-14). Let l(f) = 5*f**2 - 43*f - 114. What are the prime factors of l(g)?
2, 3, 11
Let i(v) = 3*v**2 + 8*v. Let g be (-2*3)/(0 - 9/12). List the prime factors of i(g).
2
Suppose -5*n + 2 = 22, 0 = 2*o - 3*n - 1108. Let t = o + -8. What are the prime factors of t?
2, 3, 5
Let j(q) = 2*q**3 - 12*q**2 - 5*q - 17. Let w = 7 - 0. Let u be j(w). Let i = 111 - u. What are the prime factors of i?
5, 13
Suppose 36*f - 278079 = 241185. What are the prime factors of f?
2, 3, 601
Let a be (-4 + (-18)/(-4))*(45 + -5). Let y = -21 + 45. Let h = a + y. What are the prime factors of h?
2, 11
Suppose 3*n - 3*s - 64 + 1372 = 0, -1333 = 3*n + 2*s. Let w = 178 + n. Let g = w + 458. List the prime factors of g.
3, 5, 13
Let w be (-25 + -2)/(9/426). Let j = w - -909. Let m = 557 + j. List the prime factors of m.
2, 47
Let u = 29917 - 17963. List the prime factors of u.
2, 43, 139
Let m(p) = -p**3 + 26*p**2 + 345*p - 50. What are the prime factors of m(-21)?
2, 23, 73
Suppose -17*w + 2506 = -860. Let f = w - -73. What are the prime factors of f?
271
Let o be 2270/7 + (-14)/49. Suppose 269 = n - 5*w, -3*n - o = -4*w - 1120. Let q = n - 177. List the prime factors of q.
3, 29
Let t = 280 + 362. Let k = t - 84. What are the prime factors of k?
2, 3, 31
Let k be (-44)/(-10) - 0 - 72/(-120). List the prime factors of (-11432)/(-32) - (15/12)/k.
3, 7, 17
Let j = -30803 + 44764. What are the prime factors of j?
23, 607
Let h(g) be the third derivative of g**5/6 - g**4/24 - 13*g**3/6 - 19*g**2. Let s(a) = -5*a**2 + 7. Let r(n) = 3*h(n) + 5*s(n). List the prime factors of r(-3).
2, 5
Let y(r) = 9*r + 59. Let p be y(-6). Let o = 7 - p. Suppose 4*f + 4*a - 704 = 0, -157 = 3*f + o*a - 683. List the prime factors of f.
2, 3, 29
Suppose -13*x + 122765 - 36939 = 0. What are the prime factors of x?
2, 3301
Let s(p) = p + 39. Let f(o) = -o**3 - 9*o**2 + 4*o - 23. Let b be f(-10). Let i = b + -27. List the prime factors of s(i).
7
Let z(q) = q**2 - 7*q - 5. Let l be z(8). Suppose 4*f - 4 = 0, 2*f - 282 = -l*t - f. List the prime factors of t.
3, 31
Let w(n) = -4*n**3 + 2*n**2 + 4*n - 2. Let u be w(-2). Suppose -o - 5*r + u = 4*o, -2*r = -3*o + 3. What are the prime factors of 4/(-10) - (-370)/25*o?
2, 11
Suppose -354 = -2*k - 4*h, h + h = 0. Let x = k - -58. What are the prime factors of x?
5, 47
Let h = 249 + -235. Let x(g) = 25*g + 177. List the prime factors of x(h).
17, 31
Let s(n) = 10*n + 11. Let j be s(-9). Let x = 2 - j. Let i = -31 + x. List the prime factors of i.
2, 5
Let i(f) = f. Let a(z) = 346*z - 6. Let x(d) = a(d) - 4*i(d). Let g(l) = 49*l - 1. Let h(j) = -36*g(j) + 5*x(j). List the prime factors of h(-1).
2, 3, 5
Suppose 3*q = 5*k - 8423, 13*k - 12*k + 2*q = 1682. What are the prime factors of k?
2, 421
Let x(s) = 15*s + 102. Let d be x(-6). Let u(c) = 21*c + 123. List the prime factors of u(d).
3, 5
Suppose 12*d = -63 - 81. What are the prime factors of 102/85*2/(d/(-590))?
2, 59
Let f(v) = -v**2 - 5*v + 13. Let g = 9 + -15. Let r be f(g). Suppose -r = -3*j - 1, 0 = 3*u - 3*j - 408. List the prime factors of u.
2, 3, 23
Suppose 4*f = 2*a - 7 - 21, 5*a + 4*f = 42. Suppose -6*j + a = -j, 0 = z + 2*j - 543. List the prime factors of z.
7, 11
Let j(w) = 156*w - 20. Let r be j(3). Let z = r - 317. List the prime factors of z.
131
Let w = 64 + -168. Let u = 292 - 284. List the prime factors of (-4 + 0)*w/u.
2, 13
Let z(n) be the first derivative of -n**3/3 + n**2/2 + 205*n - 906. Suppose 0 = 3*b + b. List the prime factors of z(b).
5, 41
Suppose 2125 = 171*g - 166*g. What are the prime factors of g?
5, 17
Let z = -149 - -155. Suppose -5*u + z*u - 1136 = 0. List the prime factors of u.
2, 71
Let x(g) = 2*g**2 + 2*g + 3. Let t be x(-2). What are the prime factors of 8 + (461 - 8) + t?
2, 3, 13
Suppose 23*k = -6*k + 7772. Let w = k + 55. What are the prime factors of w?
17, 19
Let p(r) = -85*r - 54. Let i(d) = -57*d - 36. Let a(g) = -8*i(g) + 5*p(g). Let n be a(8). Let w = n - 181. What are the prime factors of w?
5, 17
Suppose -5*a - 4*y = 2395, -y - 1551 + 114 = 3*a. Let l = a + 1286. What are the prime factors of l?
3, 269
Let m = -236 - -257. Suppose -8342 = m*n - 28733. List the prime factors of n.
971
Suppose -7*i + 537 = -8*i - 4*d, -4*i - 2078 = 2*d. Let a = i + 946. What are the prime factors of a?
3, 11, 13
Suppose 0 = 6*l - l - 10. Let p(a) be the third derivative of 7*a**5/60 + 11*a**4/24 - 17*a**3/6 - 92*a**2. What are the prime factors of p(l)?
3, 11
Let b(j) = 5*j**3 - 78*j**2 + 293*j + 15. List the prime factors of b(18).
3, 7, 19, 23
What are the prime factors of (10 + -4)*9573/18 + 6 + 0?
23, 139
Let a(i) = i**3 - 7*i**2 - 12*i - 8. Let y(h) = -h**3 - 9*h**2 - 8*h + 10. Let o be y(-8). Let t be a(o). Suppose f = -f + t. What are the prime factors of f?
2, 43
Let r be -28 + 31 + (1 - 0). Suppose -10 = 2*t + 5*c, 5 + 5 = -2*t + r*c. What are the prime factors of (t/(-1))/(-25) + 1038/15?
3, 23
Let p(h) = 410*h + 5. Let f be p(-1). Let u = 10 - f. List the prime factors of u.
5, 83
Let n = -2166 - -3624. List the prime factors of n.
2, 3
Let t(p) = p**2 - 43*p - 13. Let j = 266 + -286. What are the prime factors of t(j)?
29, 43
Suppose 6*h - 7*h = -675. Let j = h - 232. What are the prime factors of j?
443
Suppose -12*l + 18120 = 3*l. Suppose z - 1499 = -18*d + 13*d, 3*z = -4*d + l. List the prime factors of d.
13, 23
Suppose -5*s + 596 = -104. Suppose 5*c = -s + 1140. What are the prime factors of c?
2, 5
List the prime factors of (3344/(-66))/((-5)/5430).
2, 19, 181
Let s be (-6 + 14)*3194/(-4). Let u = -13493 - s. What are the prime factors of (-4)/18*-1 - u/63?
113
Suppose 13*k = 4439 + 5532. Suppose 0 = 4*b - 16, -5*y + k - 2274 = 2*b. Let c = y - -461. What are the prime factors of c?
2, 79
Let z(m) = m**3 - 13*m**2 + 27*m - 58. Let n be z(11). What are the prime factors of (-119)/n*-25*(-9)/15?
5, 7, 17
Suppose 2*q + 4454 = -3*g, -3*g + 2*g + 5*q - 1496 = 0. Let i = -628 - g. What are the prime factors of i?
2, 3, 11, 13
Suppose 3*z - 5*i - 27513 = 0, i + 116 = 110. List the prime factors of z.
9161
Let t(b) = -108*b + 5. Let i be t(1). Let v be (2 + 0 - 4)/(1/i). Suppose -3*j + v = o, 6*j + 824 = 4*o + j. What are the prime factors of o?
2, 103
Let s(f) = -f**2 + 10*f + 11. Let j be s(8). Let c = j - 28. What are the prime factors of ((-2 - -3) + -567)*c/2?
283
Let q = 463 + -176. Suppose -2*b = -4*k - 754, 5*b + 5*k - 1523 - q = 0. List the prime factors of b.
367
Suppose -23*u = -2*u - 3717. Suppose -j = u - 187. Suppose -j*o = -7*o - 765. List the prime factors of o.
3, 5, 17
Let i be 2/3 - (-50)/(-15)*-1. Suppose -5*x + 3827 = 4*u, 4*u - 3806 = -2*x + i*x. What are the prime factors of u?
953
Suppose 3*p = -3*x + 76680, -524*p + 2*x = -529*p + 127812. What are the prime factors of p?
2, 7, 11, 83
Let b be (-2 + -613 - 0